01
101000001 (base 2) to base 12
229
What is 3ff6 (base 16) in base 6?
203450
Convert 1023314 (base 5) to base 12.
a046
What is -1418a (base 12) in base 10?
-27898
19a (base 13) to base 4
10220
-a15 (base 11) to base 10
-1226
What is -65285 (base 10) in base 11?
-45060
What is -10275 (base 9) in base 2?
-1101010000111
What is a0e4 (base 15) in base 6?
421124
What is -11221 (base 7) in base 11?
-2168
What is -64845 (base 9) in base 2?
-1010011111011011
7a2 (base 11) to base 8
1677
Convert -53467 (base 8) to base 9.
-33557
-47d (base 14) to base 5
-12040
1459 (base 10) to base 6
10431
Convert 295 (base 11) to base 10.
346
ec9 (base 15) to base 6
23243
2341 (base 9) to base 14
8c2
710 (base 14) to base 7
4020
21102 (base 3) to base 12
148
What is -13133322 (base 4) in base 10?
-30714
15017 (base 14) to base 16
cbbd
Convert 13001 (base 4) to base 16.
1c1
Convert 9a9a (base 11) to base 4.
3033302
What is 43534 (base 6) in base 2?
1011110010010
What is -1005 (base 8) in base 7?
-1336
Convert -7b6 (base 13) to base 2.
-10100110100
Convert -7284 (base 11) to base 13.
-4515
a31 (base 15) to base 3
10011001
What is -244025 (base 6) in base 11?
-15272
What is -46065 (base 11) in base 2?
-10000010000111101
What is 137 (base 10) in base 12?
b5
1246 (base 8) to base 2
1010100110
13d2 (base 16) to base 9
6857
What is 2255 (base 11) in base 13?
1470
What is -1d8 (base 16) in base 2?
-111011000
-1301101 (base 4) to base 16
-1c51
Convert -120275 (base 8) to base 9.
-62401
What is -312440 (base 6) in base 3?
-1021121020
What is -1d36 (base 15) in base 8?
-14317
Convert -756 (base 8) to base 10.
-494
Convert 5423 (base 7) to base 15.
888
Convert -12327 (base 12) to base 9.
-36734
What is 101214 (base 5) in base 15?
ea9
2aa (base 12) to base 16
1a2
103232 (base 4) to base 16
4ee
-124514 (base 6) to base 5
-331142
What is 8877 (base 15) in base 3?
1110122211
What is -101000 (base 3) in base 14?
-154
What is 4da3 (base 14) in base 12?
7aab
Convert 364 (base 8) to base 12.
184
What is -1e9 (base 15) in base 11?
-374
What is 210 (base 3) in base 7?
30
What is -30004 (base 6) in base 9?
-5304
-2293 (base 12) to base 2
-111100001111
What is -385 (base 13) in base 7?
-1540
-21ab (base 13) to base 8
-11140
Convert -3289 (base 16) to base 8.
-31211
What is -10100111010111 (base 2) in base 13?
-4b4c
What is 2951 (base 10) in base 3?
11001022
What is -96b8 (base 13) in base 3?
-1001201111
What is -71b (base 12) in base 16?
-407
Convert 245 (base 12) to base 4.
11111
What is -1609 (base 12) in base 14?
-d3b
Convert 590 (base 12) to base 6.
3500
-d078 (base 14) to base 10
-35778
-203 (base 9) to base 4
-2211
Convert 596 (base 11) to base 16.
2c6
1024141 (base 5) to base 2
100010000001101
-11111000010000 (base 2) to base 4
-3320100
What is -14787 (base 9) in base 11?
-7673
-44583 (base 10) to base 13
-173a6
-569 (base 11) to base 14
-368
What is 2520 (base 14) in base 2?
1100101100000
Convert -2011110222 (base 3) to base 12.
-20808
-db (base 16) to base 4
-3123
What is 33c (base 13) in base 3?
202200
What is 13233 (base 4) in base 11?
410
What is 547 (base 16) in base 2?
10101000111
-13203 (base 4) to base 2
-111100011
Convert 5786 (base 11) to base 10.
7596
What is 231355 (base 7) in base 8?
120603
Convert 4625 (base 10) to base 11.
3525
Convert -124021 (base 5) to base 16.
-1316
Convert -221212001 (base 3) to base 5.
-1100342
What is 4446 (base 11) in base 3?
22000222
229 (base 12) to base 11
272
-2eea (base 16) to base 14
-453c
-1411204 (base 5) to base 7
-150225
Convert -2205 (base 8) to base 6.
-5205
18446 (base 14) to base 16
ef1e
What is 13130 (base 4) in base 3?
122122
Convert -18050 (base 9) to base 16.
-3096
What is 75107 (base 10) in base 11?
5147a
Convert 1323 (base 5) to base 2.
11010101
2d8b (base 15) to base 13
4604
33104 (base 6) to base 5
121301
Convert 3432 (base 5) to base 13.
2bb
-27a9 (base 14) to base 9
-10547
-32604 (base 7) to base 6
-101523
2737 (base 14) to base 8
15375
Convert -9b6 (base 16) to base 9.
-3362
Convert -10100110110001 (base 2) to base 12.
-6215
299 (base 16) to base 10
665
What is 1545 (base 6) in base 10?
425
What is -23224 (base 5) in base 2?
-11010011001
What is 11212211 (base 3) in base 4?
313213
Convert 7808 (base 11) to base 8.
24065
What is -1796 (base 10) in base 8?
-3404
Convert 526 (base 13) to base 8.
1555
What is -1001001110 (base 2) in base 15?
-295
Convert 1995a (base 11) to base 10.
27774
Convert 64350 (base 9) to base 4.
22121022
Convert 30043 (base 8) to base 10.
12323
20a3 (base 14) to base 4
1113333
Convert -1d634 (base 14) to base 8.
-223056
-12212 (base 3) to base 9
-185
What is -365 (base 16) in base 5?
-11434
What is -181c (base 14) in base 13?
-1c89
21132 (base 4) to base 15
2a6
1100101011111 (base 2) to base 5
201440
Convert -33555 (base 8) to base 2.
-11011101101101
204 (base 14) to base 6
1500
Convert -133120 (base 5) to base 13.
-2602
Convert -405 (base 15) to base 8.
-1611
3220 (base 7) to base 14
5b7
What is -b551 (base 13) in base 6?
-312034
What is 13044 (base 6) in base 9?
2631
1001100 (base 2) to base 12
64
-277 (base 13) to base 8
-664
399 (base 13) to base 3
212110
Convert -653 (base 7) to base 5.
-2312
What is -2484 (base 16) in base 12?
-54b0
What is 1312101 (base 5) in base 15?
7a1b
Convert 15ba (base 13) to base 16.
c7b
-423130 (base 6) to base 3
-1202012000
Convert -32773 (base 9) to base 13.
-9bac
-145201 (base 7) to base 8
-67101
-a00 (base 15) to base 13
-1041
Convert 3163 (base 10) to base 7.
12136
Convert -1b4 (base 16) to base 11.
-367
Convert -b38 (base 12) to base 13.
-983
What is -18954 (base 12) in base 16?
-8c50
Convert 101001101011101 (base 2) to base 15.
64cb
Convert 2034 (base 11) to base 6.
20255
-19b0 (base 13) to base 5
-110421
What is 33c7 (base 16) in base 14?
4b8b
11104 (base 8) to base 12
2858
Convert 221031 (base 4) to base 5.
41022
Convert -35a (base 16) to base 14.
-454
Convert -3007 (base 8) to base 16.
-607
Convert -1351 (base 13) to base 4.
-223102
-2115 (base 16) to base 6
-103113
What is 1111101100 (base 2) in base 10?
1004
235 (base 14) to base 9
537
200221 (base 4) to base 7
6043
Convert -1cca (base 13) to base 3.
-20000122
-25393 (base 11) to base 15
-abbc
What is 22710 (base 9) in base 8?
35464
Convert -202001 (base 6) to base 15.
-4b0a
-f1f (base 16) to base 6
-25531
-1121212210 (base 3) to base 15
-9729
-5442 (base 10) to base 13
-2628
What is 1955 (base 10) in base 3?
2200102
What is 962 (base 12) in base 7?
3665
102321 (base 6) to base 10
8329
Convert -2acc (base 13) to base 9.
-8516
What is -aa1 (base 15) in base 5?
-34101
What is 12224 (base 6) in base 4?
130120
-122032 (base 4) to base 10
-1678
-718 (base 13) to base 11
-9a5
-12324 (base 8) to base 4
-1103110
What is 355 (base 10) in base 7?
1015
Convert -76270 (base 9) to base 16.
-c55e
Convert -458 (base 9) to base 4.
-11321
Convert 2544 (base 7) to base 3.
1022200
What is 151535 (base 7) in base 6?
344122
122254 (base 7) to base 14
8264
What is -213 (base 12) in base 5?
-2203
Convert -1122102 (base 4) to base 10.
-5778
872 (base 16) to base 2
100001110010
-14040 (base 7) to base 6
-25333
-2221 (base 5) to base 6
-1235
Convert 12104 (base 8) to base 10.
5188
Convert -226 (base 13) to base 15.
-19a
-131507 (base 8) to base 7
-250543
1000111011 (base 2) to base 15
281
What is c60 (base 13) in base 11?
1645
What is -10110101100 (base 2) in base 6?
-10420
8477 (base 12) to base 2
11100010011011
-1326 (base 7) to base 13
-303
What is -12550 (base 8) in base 6?
-41212
What is -21121220 (base 3) in base 10?
-5559
101010000111 (base 2) to base 7
10600
What is -26512 (base 8) in base 15?
-367e
Convert -130 (base 7) to base 6.
-154
1c30 (base 16) to base 3
100220021
-11102122121 (base 3) to base 15
-1aca1
-d447 (base 14) to base 6
-441023
What is -41607 (base 10) in base 15?
-c4dc
9e22 (base 15) to base 13
12374
Convert -513 (base 11) to base 10.
-619
What is 39 (base 12) in base 5?
140
-1101211220 (base 3) to base 9
-41756
Convert 1101011110 (base 2) to base 7.
2341
a (base 14) to base 12
a
What is -378 (base 15) in base 13?
-488
74a (base 15) to base 10
1645
20250 (base 9) to base 4
3100101
-4a86 (base 12) to base 16
-2106
3100 (base 4) to base 11
17a
What is 16318 (base 11) in base 12?
11395
Convert -2a16 (b